 (-23 - -11) - 4.
-3
Calculate 11 + (-4 - 9) + 8.
6
Calculate (-5 - -1) + -1 + -11 + 15.
-1
What is (5 - 3 - -2) + -1?
3
Calculate -10 + 9 + (-1 - 1) + 1.
-2
Evaluate (4 - (6 - 5)) + (-1 - 1).
1
What is 1 + (0 + 4 - 3 - 4)?
-2
What is the value of 0 - (-2 + 12) - -6?
-4
What is the value of -7 - (-5 + 2) - 1?
-5
Calculate -2 + 4 + -3 + 1.
0
What is the value of (-4 - -1) + 10 + -12 + 15?
10
What is -8 + 7 + 1 + -2 + 0?
-2
Calculate -3 + 2 + 5 + -5.
-1
What is the value of 1 + 17 + -8 + -7 + 6?
9
Calculate 3 + (0 - (9 + -7)).
1
Calculate 1 + (13 + -5 - 4).
5
What is the value of 15 - 26 - (-16 - -6)?
-1
What is 5 + -8 + 7 - (4 - 1)?
1
Evaluate 14 + -5 + 8 + -6 + -1.
10
Evaluate -7 - (0 - 3) - (-2 + -7).
5
Evaluate 14 + (-6 - (-5 - -5)).
8
What is (-25 - -7) + 9 + 8?
-1
Calculate 3 - ((-2 - 8) + 3) - 4.
6
Evaluate 3 + -1 - (-7 - -6).
3
What is the value of 0 - (-10 + 3 + -1 + 4)?
4
Evaluate -2 + -6 - -17 - 3.
6
Calculate 12 + -10 - 0 - -2.
4
What is (-11 - -9) + (-3 - -1) - 2?
-6
(-3 + -3 - -15) + -12
-3
What is the value of 1 + (-2 - 2) + -10 + 19?
6
What is 5 + -1 + -2 + 1?
3
What is the value of -10 - (-17 + 10 + -11)?
8
What is -6 + 10 + -3 + (1 - 4)?
-2
What is -4 + -4 - (5 - (6 + 13))?
6
-1 - (-11 + 1 + 6)
3
0 - ((-4 - (6 + -16)) + -3)
-3
What is (3 - 0) + 2 + -9?
-4
Evaluate -16 + 16 - (1 - 0).
-1
What is the value of 22 + 1 + -15 - (1 - -12)?
-5
What is the value of -22 - -23 - (5 + 1)?
-5
What is -8 + 17 + -2 + 4 - 3?
8
What is 6 - 6 - -1 - (2 + -1)?
0
Evaluate (2 - (-8 + 11)) + 4.
3
(7 - -1) + 1 + (-22 - -21)
8
Calculate 0 - (0 - (0 - 4) - 3).
-1
0 + (2 - (7 - (-1 - -3)))
-3
Calculate 1 + 1 - (-4 + -4 - -5).
5
(6 - (-4 - -16)) + 1
-5
Evaluate -22 - (8 - 15) - -9.
-6
(3 - 1) + (3 - 4) + -3
-2
Calculate (2 - 1) + (2 - (-8 + 7)).
4
What is -2 - ((1 - 0) + -4 + 3)?
-2
3 + -2 + 0 - -1
2
Calculate 3 - (7 - 5 - 0) - -6.
7
What is 4 + 6 + -13 + 5?
2
Evaluate (6 - 11) + 8 + -3.
0
What is the value of (-2 - 14) + 20 - (-2 - -5)?
1
Calculate -2 + -5 - (-5 - -1).
-3
What is the value of -3 + (17 + -7 - 1)?
6
Evaluate (4 - 5 - -1) + 4.
4
What is 31 + -36 + (8 - -1)?
4
Calculate 3 + -6 + 1 + -2.
-4
Evaluate -45 + 47 - (3 + 0).
-1
What is the value of 1 + -11 + 4 + 2?
-4
Calculate (21 - 17) + (-5 - -1) - 3.
-3
Calculate 1 + (-5 - (-2 - -2)).
-4
What is 8 - (10 + -5) - 9?
-6
Calculate (3 - 7) + 1 + 10.
7
What is (0 - 4 - -8) + -6?
-2
Calculate (0 - -2) + 0 + 3.
5
What is the value of (3 - 0) + -2 + -6 + 13?
8
(6 - (5 + 0)) + 1 + -6
-4
Calculate -8 + (11 + 1 - 3).
1
What is the value of 2 + (-4 - (4 - 8))?
2
What is the value of 3 - 7 - (-36 + 39)?
-7
-2 + (-5 - -1 - (-10 + 5))
-1
Calculate 10 + -11 + 6 + 1 + 0.
6
-3 - 6 - -8 - 5
-6
What is the value of -8 - (4 + -1 - 6)?
-5
Evaluate (-12 - -5) + 1 + 8 - 3.
-1
Evaluate 3 - 8 - -5 - (2 + 1).
-3
Evaluate 4 - 0 - (-2 + 10) - -4.
0
Evaluate -2 + (-1 - (-3 - -5) - -3).
-2
What is -1 - (7 - (3 - 3))?
-8
What is 3 - (3 + 4) - 1?
-5
Evaluate 3 - (7 + 5 + -7).
-2
What is -7 + 0 + 1 + 4 + 1?
-1
What is the value of (0 - -1 - 1) + -6?
-6
-12 - (-11 + (5 - (-3 - -4)))
-5
-8 - (2 - (0 + 10))
0
Calculate -3 + (-1 - -4) + -3 + 3.
0
What is the value of 4 + 0 + -4 + (6 - 1)?
5
Evaluate 11 + (13 - 21) + (-1 - -3).
5
Calculate 6 + -10 + 4 + 0.
0
Evaluate -8 + 4 + 2 + 1.
-1
9 + -17 + 7 + 2
1
-16 - -13 - 9 - -7
-5
(4 + -8 + 2 - -4) + 3
5
What is 66 + -71 - (0 - 3)?
-2
What is -1 + 10 + -3 - 6?
0
What is the value of (13 + -4 - 3) + -12?
-6
Evaluate 7 - (17 - ((0 - -7) + -1)).
-4
Evaluate -6 + 0 + -3 - -3.
-6
(2 - -2 - (0 - 5)) + -2
7
-3 + 0 + -1 + 5
1
What is -1 + 6 + (-1 - 1)?
3
Calculate -8 - (-1 + (8 - 12)).
-3
What is 2 - (7 - 6) - 6?
-5
What is -9 + (-4 - -3) + 2?
-8
What is -5 + 4 + 5 + -1 + 1?
4
(-19 - -22) + (2 - 0) - 9
-4
What is (-15 - -16) + (0 - 1)?
0
Evaluate 2 - (2 - -4) - -2.
-2
What is -1 - (-4 + (10 - 5) + 1)?
-3
What is -2 + (0 - (-3 + 1))?
0
Evaluate -2 - (1 + (-7 - -3) + -1).
2
1 + 2 - (-1 + 4) - 2
-2
4 + 0 - (1 - 6) - 4
5
-5 + (-4 - (-1 - 11))
3
Calculate (3 - (3 + 4)) + 7.
3
Evaluate -67 + 74 + (-1 - 4).
2
Calculate -2 + -11 + 4 + 16 + -14.
-7
Evaluate -5 + (4 - 4) + 2.
-3
Evaluate 0 + -3 + (9 - -4 - 3).
7
What is -3 - 0 - (4 - 6 - 0)?
-1
3 + -24 + 3 + 9
-9
What is the value of 1 - (6 - 3 - (-5 - -8))?
1
Evaluate -12 + (5 + 2 - 0).
-5
What is -3 + -3 + 0 + 3?
-3
-8 - ((-1 - 2) + 0 + 0)
-5
3 + 1 + -1 - 4
-1
Evaluate 4 - (1 - (0 - (-3 + 1))).
5
3 + (0 - (7 - 3)) - -2
1
What is the value of (0 - (-4 - -3 - 1)) + 3?
5
(6 - 1) + (1 - 0)
6
Evaluate -6 + 1 - (1 + -7 + 6).
-5
What is (-2 - 2) + 0 - -6?
2
-36 + 32 - (-2 - -2 - 5)
1
Calculate 2 + (11 - -1) + -8.
6
Evaluate -41 + 38 + (1 - -1).
-1
Calculate -4 - (2 + -2 - -1 - 5).
0
(-6 - (-6 - 6)) + -4 + 5
7
Calculate (7 + -5 - (5 + -1)) + 7.
5
-7 + (10 - (-4 + 5 + -2))
4
Evaluate (-8 - -5) + (-1 + 0 - 1).
-5
What is 5 + -12 + 1 + 5?
-1
Evaluate 6 + (-13 - -3) + 6.
2
What is (8 - (-1 - 0)) + 10 + -14?
5
Evaluate 9 + 1 + (-5 - 0).
5
What is the value of 2 + 13 + 4 + -12?
7
What is the value of -129 + 124 + (-1 - -6)?
0
What is 17 - 19 - (1 + 2)?
-5
Calculate -3 + 3 - ((-5 - -2) + 0).
3
Calculate 1 + (-7 - -4) - (10 + -13).
1
Evaluate (-20 - -18) + (1 - 1 - 2).
-4
3 + (6 - 3) + -9 + -1
-4
(-1 - -17) + (-35 - -26)
7
Evaluate 11 + -3 + 1 + -3.
6
-10 + 13 + -1 + (-1 - -1)
2
What is (-4 - -13) + -14 - (1 + -3)?
-3
5 - 13 - -6 - (0 - 1)
-1
What is 3 - 4 - -5 - -1?
5
-14 - -18 - (0 - -7)
-3
0 + -2 - (5 + -5 - 0)
-2
1 + -1 + 7 + -6 + 1
2
Evaluate -3 + (-3 - -8) + (2 - 2).
2
What is 1 - (-1 + 5 + (-2 - 0))?
-1
Calculate 14 + (-11 - 3) - (1 + -11).
10
Evaluate (1 - 10) + (12 - 8).
-5
What is the value of (4 - 0) + -5 - (0 - 2)?
1
Calculate -2 - (-6 + (3 - 9)).
10
1 - (-11 + 6) - 5
1
Calculate (-2 + 0 - -3) + 1 + 0.
2
What is the value of -3 + 0 + (0 - -5) - -2?
4
What is 0 + 0 + 0 - 1?
-1
What is -4 - (9 + -14 + 1)?
0
What is (0 - (1 + 0)) + -10 + 18?
7
Evaluate -4 + (-6 + 6 - (-2 - 4)).
2
What is (-3 - (4 + -4) - 2) + 3?
-2
What is the value of -5 + 0 - -6 - (-4 - -4)?
1
Calculate 7 - (11 + -4) - 3.
-3
What is -86 + 94 + -10 + 0?
-2
Evaluate 3 - -7 - 13 - (2 - -1).
-6
10 + -3 + -8 + 6
5
What is (0 - -3 - -5) + -17 + 17?
8
What is the value of 11 + -11 + 7 + -1 + -1?
5
What is the value of -95 + 88 - ((-1 - 0) + 1)?
-7
Calculate -2 + (-1 - -7) + -1.
3
Evaluate (9 - 0) + 18 + -23.
4
What is 5 + 1 - (10 + -7) - -1?
4
Evaluate (7 - (5 + 15 - 5)) + 3.
-5
Evaluate -34 + 30 + (0 - -9).
5
What is the value of 5 + (7 - -1) + -7?
6
Calculate 20 - (7 + (-5 - (-4 - 3))).
11
3 - (-2 + 0) - (-40 + 45)
0
What is 3 + -1 - (1 + (5 - 6))?
2
(-31 - -36) + 0 + -2
3
What is the value of -1 + 4 + -4 - 1 - -9?
7
Calculate 7 + -15 + 7 - -12.
11
5 - 0 - (3 - -1)
1
-16 + 7 + (12 - -1)
4
What is -2 - (0 + -1 + -1 + -3)?
3
1 + 3 - 5 - 4
-5
Calculate -12 + -3 - (5 + -7 + -4).
-9
Calculate (5 - 9) + -1 + 6.
1
Calculate (-5 - -2) + 0 - (16 - 17).
-2
What is -1 - (-1 + 1 + -1 + -2)?
2
Evaluate -2 + (-12 - -11) + 13.
10
Calculate 3 - ((5 - 4) + -2).
4
0 + 2 + (11 - 18)
-5
What is 24 + -25 + (-2 - 2)?
-5
What is the value of (-11 - (8 - 12)) + 4?
-3
What is the value of -1 + (-28 - -25) + (0 - -1)?
-3
What is (2 - (-3 + 1)) + (-19 - -17)?
2
Calculate (0 - 0 - (4 + -2)) + 2.
0
Evaluate (0 - (1 + 5)) + -10 + 14.
-2
What is the value of -1 - -2 - (-90 + 97)?
-6
Calculate 2 - (-2 - (1 - 1)).
4
Calculate -2 + 2 + -15 + 12.
-3
What is the value of -1 - (2 + -1 + 1)?
-3
What is 4 - 1 - (3 + 4)?
-4
What is the value of 0 - 2 - -1 - 3?
-4
Calculate -8 + (-10 - -23 - 4).
1
Evaluate -7 + -11 + 15 + (-3 - 3).
-9
What is 5 - (1 + -9 + 10)?
3
What is -9 + (-2 + 1 - -6)?
-4
Calculate 4 - -1 - (-1 + 11).
-5
Evaluate 1 - (-2 + 3 + 3).
-3
Calculate 0 - (2 - (1 + 0)).
-1
-2 - ((5 - -4) + -7)
-4
What is -12 + 9 + 1 + 1?
-1
What is the value of -3 - (-9 - -4 - -4)?
-2
What is the value of -19 - 1 - (-67 + 57)?
-10
5 - 2 - (2 - 1)
2
-4 - (1 - 0) - (-77 + 68)
4
What is 14 + -6 - -1 - (5 - 0)?
4
What is 1 - -10 - (15 - 9)?
5
Evaluate 0 + -2 - (-71 + 76).
-7
Calculate -5 - (8 - 28 - -7).
8
(-1 - 8) + 5 + 8
4
Calculate 3 + -6 - ((0 - 2) + 2).
-3
What is the value of 6 + 1 + (18 - 25) - -1?
1
(-6 - -8 - 2) + (-1 - -6)
5
Evaluate 1 + -1 - (-1 - 3 - -8).
-4
What is the value of -8 + 2 + 1 - (-1 + 0)?
-4
What is the value of 0 